[INFO] cloning repository https://github.com/8-sided-oregon/chip8emu
[INFO] running `Command { std: "git" "-c" "credential.helper=" "-c" "credential.helper=/workspace/cargo-home/bin/git-credential-null" "clone" "--bare" "https://github.com/8-sided-oregon/chip8emu" "/workspace/cache/git-repos/https%3A%2F%2Fgithub.com%2F8-sided-oregon%2Fchip8emu", kill_on_drop: false }`
[INFO] [stderr] Cloning into bare repository '/workspace/cache/git-repos/https%3A%2F%2Fgithub.com%2F8-sided-oregon%2Fchip8emu'...
[INFO] running `Command { std: "git" "rev-parse" "HEAD", kill_on_drop: false }`
[INFO] [stdout] 28fccdf01a6df449a44ef4607a7aeaa9121e383d
[INFO] checking 8-sided-oregon/chip8emu against master#9610dfe5a9a731ced1ea4923ecbd0c57fe367898 for beta-170-4
[INFO] running `Command { std: "git" "clone" "/workspace/cache/git-repos/https%3A%2F%2Fgithub.com%2F8-sided-oregon%2Fchip8emu" "/workspace/builds/worker-5-tc1/source", kill_on_drop: false }`
[INFO] [stderr] Cloning into '/workspace/builds/worker-5-tc1/source'...
[INFO] [stderr] done.
[INFO] validating manifest of git repo https://github.com/8-sided-oregon/chip8emu on toolchain 9610dfe5a9a731ced1ea4923ecbd0c57fe367898
[INFO] running `Command { std: CARGO_HOME="/workspace/cargo-home" RUSTUP_HOME="/workspace/rustup-home" "/workspace/cargo-home/bin/cargo" "+9610dfe5a9a731ced1ea4923ecbd0c57fe367898" "metadata" "--manifest-path" "Cargo.toml" "--no-deps", kill_on_drop: false }`
[INFO] started tweaking git repo https://github.com/8-sided-oregon/chip8emu
[INFO] finished tweaking git repo https://github.com/8-sided-oregon/chip8emu
[INFO] tweaked toml for git repo https://github.com/8-sided-oregon/chip8emu written to /workspace/builds/worker-5-tc1/source/Cargo.toml
[INFO] crate git repo https://github.com/8-sided-oregon/chip8emu already has a lockfile, it will not be regenerated
[INFO] running `Command { std: CARGO_HOME="/workspace/cargo-home" RUSTUP_HOME="/workspace/rustup-home" "/workspace/cargo-home/bin/cargo" "+9610dfe5a9a731ced1ea4923ecbd0c57fe367898" "fetch" "--manifest-path" "Cargo.toml", kill_on_drop: false }`
[INFO] running `Command { std: "docker" "create" "-v" "/var/lib/crater-agent-workspace/builds/worker-5-tc1/target:/opt/rustwide/target:rw,Z" "-v" "/var/lib/crater-agent-workspace/builds/worker-5-tc1/source:/opt/rustwide/workdir:ro,Z" "-v" "/var/lib/crater-agent-workspace/cargo-home:/opt/rustwide/cargo-home:ro,Z" "-v" "/var/lib/crater-agent-workspace/rustup-home:/opt/rustwide/rustup-home:ro,Z" "-e" "SOURCE_DIR=/opt/rustwide/workdir" "-e" "CARGO_TARGET_DIR=/opt/rustwide/target" "-e" "CARGO_HOME=/opt/rustwide/cargo-home" "-e" "RUSTUP_HOME=/opt/rustwide/rustup-home" "-w" "/opt/rustwide/workdir" "-m" "1610612736" "--user" "0:0" "--network" "none" "ghcr.io/rust-lang/crates-build-env/linux@sha256:19e73879b68f455e41552ea35293514db52ea292d993f571636dbffedb77a1ee" "/opt/rustwide/cargo-home/bin/cargo" "+9610dfe5a9a731ced1ea4923ecbd0c57fe367898" "metadata" "--no-deps" "--format-version=1", kill_on_drop: false }`
[INFO] [stdout] 249da5f58e39d84ef9f75db4f46524fb039dcb19546a2cdf7e62ec5ede5150c7
[INFO] running `Command { std: "docker" "start" "-a" "249da5f58e39d84ef9f75db4f46524fb039dcb19546a2cdf7e62ec5ede5150c7", kill_on_drop: false }`
[INFO] running `Command { std: "docker" "inspect" "249da5f58e39d84ef9f75db4f46524fb039dcb19546a2cdf7e62ec5ede5150c7", kill_on_drop: false }`
[INFO] running `Command { std: "docker" "rm" "-f" "249da5f58e39d84ef9f75db4f46524fb039dcb19546a2cdf7e62ec5ede5150c7", kill_on_drop: false }`
[INFO] [stdout] 249da5f58e39d84ef9f75db4f46524fb039dcb19546a2cdf7e62ec5ede5150c7
[INFO] running `Command { std: "docker" "create" "-v" "/var/lib/crater-agent-workspace/builds/worker-5-tc1/target:/opt/rustwide/target:rw,Z" "-v" "/var/lib/crater-agent-workspace/builds/worker-5-tc1/source:/opt/rustwide/workdir:ro,Z" "-v" "/var/lib/crater-agent-workspace/cargo-home:/opt/rustwide/cargo-home:ro,Z" "-v" "/var/lib/crater-agent-workspace/rustup-home:/opt/rustwide/rustup-home:ro,Z" "-e" "SOURCE_DIR=/opt/rustwide/workdir" "-e" "CARGO_TARGET_DIR=/opt/rustwide/target" "-e" "CARGO_INCREMENTAL=0" "-e" "RUST_BACKTRACE=full" "-e" "RUSTFLAGS=--cap-lints=forbid" "-e" "RUSTDOCFLAGS=--cap-lints=forbid" "-e" "CARGO_HOME=/opt/rustwide/cargo-home" "-e" "RUSTUP_HOME=/opt/rustwide/rustup-home" "-w" "/opt/rustwide/workdir" "-m" "1610612736" "--user" "0:0" "--network" "none" "ghcr.io/rust-lang/crates-build-env/linux@sha256:19e73879b68f455e41552ea35293514db52ea292d993f571636dbffedb77a1ee" "/opt/rustwide/cargo-home/bin/cargo" "+9610dfe5a9a731ced1ea4923ecbd0c57fe367898" "check" "--frozen" "--all" "--all-targets" "--message-format=json", kill_on_drop: false }`
[INFO] [stdout] 27dfbc468fbaa1b89783e269141ee1d7367e4057d75dc4959cd1d5353cc60c81
[INFO] running `Command { std: "docker" "start" "-a" "27dfbc468fbaa1b89783e269141ee1d7367e4057d75dc4959cd1d5353cc60c81", kill_on_drop: false }`
[INFO] [stderr]     Checking chip8emu v0.1.0 (/opt/rustwide/workdir)
[INFO] [stdout] error: expected `{`, found `state`
[INFO] [stdout]    --> src/instruction.rs:317:13
[INFO] [stdout]     |
[INFO] [stdout] 317 |             state.registers.variables[self.register_num1 as usize] +=
[INFO] [stdout]     |             ^^^^^ expected `{`
[INFO] [stdout]     |
[INFO] [stdout] note: the `if` expression is missing a block after this condition
[INFO] [stdout]    --> src/instruction.rs:315:16
[INFO] [stdout]     |
[INFO] [stdout] 315 |             if state.registers.variables[self.reg]
[INFO] [stdout]     |                ^^^^^^^^^^^^^^^^^^^^^^^^^^^^^^^^^^^
[INFO] [stdout] help: try placing this code inside a block
[INFO] [stdout]     |
[INFO] [stdout] 317 ~             { state.registers.variables[self.register_num1 as usize] +=
[INFO] [stdout] 318 ~                 state.registers.variables[self.register_num2 as usize]; }
[INFO] [stdout]     |
[INFO] [stdout] 
[INFO] [stdout] 
[INFO] [stdout] error: expected `{`, found `state`
[INFO] [stdout]    --> src/instruction.rs:317:13
[INFO] [stdout]     |
[INFO] [stdout] 317 |             state.registers.variables[self.register_num1 as usize] +=
[INFO] [stdout]     |             ^^^^^ expected `{`
[INFO] [stdout]     |
[INFO] [stdout] note: the `if` expression is missing a block after this condition
[INFO] [stdout]    --> src/instruction.rs:315:16
[INFO] [stdout]     |
[INFO] [stdout] 315 |             if state.registers.variables[self.reg]
[INFO] [stdout]     |                ^^^^^^^^^^^^^^^^^^^^^^^^^^^^^^^^^^^
[INFO] [stdout] help: try placing this code inside a block
[INFO] [stdout]     |
[INFO] [stdout] 317 ~             { state.registers.variables[self.register_num1 as usize] +=
[INFO] [stdout] 318 ~                 state.registers.variables[self.register_num2 as usize]; }
[INFO] [stdout]     |
[INFO] [stdout] 
[INFO] [stdout] 
[INFO] [stdout] error[E0432]: unresolved import `instruction::instruction`
[INFO] [stdout]  --> src/lib.rs:5:9
[INFO] [stdout]   |
[INFO] [stdout] 5 | pub use instruction::instruction;
[INFO] [stdout]   |         ^^^^^^^^^^^^^-----------
[INFO] [stdout]   |         |            |
[INFO] [stdout]   |         |            help: a similar name exists in the module: `instructions`
[INFO] [stdout]   |         no `instruction` in `instruction`
[INFO] [stdout] 
[INFO] [stdout] 
[INFO] [stdout] error[E0432]: unresolved import `instruction::instruction`
[INFO] [stdout]  --> src/lib.rs:5:9
[INFO] [stdout]   |
[INFO] [stdout] 5 | pub use instruction::instruction;
[INFO] [stdout]   |         ^^^^^^^^^^^^^-----------
[INFO] [stdout]   |         |            |
[INFO] [stdout]   |         |            help: a similar name exists in the module: `instructions`
[INFO] [stdout]   |         no `instruction` in `instruction`
[INFO] [stdout] 
[INFO] [stdout] 
[INFO] [stdout] error[E0119]: conflicting implementations of trait `Instruction<()>` for type `VAndV`
[INFO] [stdout]    --> src/instruction.rs:329:5
[INFO] [stdout]     |
[INFO] [stdout] 261 |     impl Instruction<()> for VAndV {
[INFO] [stdout]     |     ------------------------------ first implementation here
[INFO] [stdout] ...
[INFO] [stdout] 329 |     impl Instruction<()> for VAndV {
[INFO] [stdout]     |     ^^^^^^^^^^^^^^^^^^^^^^^^^^^^^^ conflicting implementation for `VAndV`
[INFO] [stdout] 
[INFO] [stdout] 
[INFO] [stdout] error: aborting due to 3 previous errors
[INFO] [stdout] 
[INFO] [stdout] 
[INFO] [stdout] error[E0119]: conflicting implementations of trait `Instruction<()>` for type `VAndV`
[INFO] [stdout]    --> src/instruction.rs:329:5
[INFO] [stdout]     |
[INFO] [stdout] 261 |     impl Instruction<()> for VAndV {
[INFO] [stdout]     |     ------------------------------ first implementation here
[INFO] [stdout] ...
[INFO] [stdout] 329 |     impl Instruction<()> for VAndV {
[INFO] [stdout]     |     ^^^^^^^^^^^^^^^^^^^^^^^^^^^^^^ conflicting implementation for `VAndV`
[INFO] [stdout] 
[INFO] [stdout] 
[INFO] [stdout] Some errors have detailed explanations: E0119, E0432.
[INFO] [stdout] 
[INFO] [stdout] For more information about an error, try `rustc --explain E0119`.
[INFO] [stdout] 
[INFO] [stdout] error: aborting due to 3 previous errors
[INFO] [stdout] 
[INFO] [stdout] 
[INFO] [stdout] Some errors have detailed explanations: E0119, E0432.
[INFO] [stdout] 
[INFO] [stdout] For more information about an error, try `rustc --explain E0119`.
[INFO] [stdout] 
[INFO] [stderr] error: could not compile `chip8emu` (lib test) due to 4 previous errors
[INFO] [stderr] warning: build failed, waiting for other jobs to finish...
[INFO] [stderr] error: could not compile `chip8emu` (lib) due to 4 previous errors
[INFO] running `Command { std: "docker" "inspect" "27dfbc468fbaa1b89783e269141ee1d7367e4057d75dc4959cd1d5353cc60c81", kill_on_drop: false }`
[INFO] running `Command { std: "docker" "rm" "-f" "27dfbc468fbaa1b89783e269141ee1d7367e4057d75dc4959cd1d5353cc60c81", kill_on_drop: false }`
[INFO] [stdout] 27dfbc468fbaa1b89783e269141ee1d7367e4057d75dc4959cd1d5353cc60c81
